-24. Suppose -27*m + 7765 = 7576. Calculate the greatest common divisor of m and t.
7
Let r = 157 - 157. Suppose w - 17*w + 48 = r. Suppose -43 = -5*i + 77. What is the greatest common divisor of w and i?
3
Let t be (-3)/(-21) - 40/(-14). Suppose 0 = 5*y + 3*b + 6, -t*b + 1 = y - 5. Let x be (-8)/y - -4 - 8/12. What is the highest common divisor of x and 6?
6
Let n be ((-3)/24 + 625/200)*14. Calculate the highest common factor of n and 26040.
42
Let v be 104965/(-490)*(-35)/10 + (-3)/4. Calculate the greatest common divisor of v and 963.
107
Suppose 0 = 92*f - 98*f + 45 + 51. Let v(z) = 2*z**2 + z - 1. Let x be v(7). What is the highest common divisor of f and x?
8
Suppose -3*q = 3*j - 621, -414*j = -409*j - 2*q - 1035. Let g be (4*-1)/2 - -25. Calculate the greatest common divisor of g and j.
23
Let l(q) = q**3 + q**2 + q + 235. Let d be l(0). Let p = -168 + d. Let s = p - 58. What is the highest common divisor of 36 and s?
9
Suppose -n + 33 = 4*f - 2*n, 2*f - 5*n - 39 = 0. Let t(k) = 9*k - 52. Let i be t(f). What is the highest common divisor of i and 11?
11
Let p(b) = 408*b**2 - 47*b + 236. Let n be p(4). What is the greatest common factor of 16 and n?
16
Let n(g) = -g**3 + 10*g**2 - 16*g - 15. Let w be n(7). Suppose -3*i - w*i = -506. What is the highest common divisor of 143 and i?
11
Let g = 1263 - 1248. What is the greatest common factor of g and 453?
3
Suppose 28*d - 123188 - 243892 = 0. What is the greatest common divisor of 92 and d?
46
Suppose 2*h - 2*t = 1968, -769*h - 2946 = -772*h + t. What is the highest common divisor of h and 18?
9
Let f = -247 - -249. Suppose 3*u + f*d = 70, 5*d - 6*d + 126 = 5*u. What is the greatest common factor of 26 and u?
26
Let k be 5 - 111/(6/2) - -2. Let d be 3/(-4 - 125/k). Let w = 6 + -4. Calculate the greatest common factor of w and d.
2
Suppose 4*o = -48 + 124. Let u be 1/((-1)/(-3 + o)). Let p(w) = -7*w - 2. Let r be p(u). Calculate the highest common factor of r and 22.
22
Let y = 1678 - 1337. Let o(m) = -4*m**2 + 38*m - 17. Let d be o(8). Calculate the greatest common factor of d and y.
31
Let z = 144 + 1. What is the highest common divisor of z and 899?
29
Let b = 13945 + -3504. What is the greatest common factor of 53 and b?
53
Let l be 94277/299 - (-4)/(-13). What is the greatest common factor of l and 385?
35
Let f(w) = 72*w**3 - w + 2. Let u be f(2). Suppose -20*m = 9*m - 261. What is the highest common factor of u and m?
9
Let c = -3835 + 5883. Calculate the greatest common factor of 32 and c.
32
Let d = 564 - -1998. What is the highest common divisor of d and 549?
183
Let r = 578 + -413. Suppose -r = 4*o - 625. Let x(g) = 3*g**2 - 3*g + 23. Let l be x(0). What is the highest common factor of o and l?
23
Let m(n) = 28*n + 220. Let r be m(-5). Let v be (-452)/(-2) - (9 - 3). What is the highest common divisor of r and v?
20
Let k(u) = 330*u**2 - 112*u + 37. Let w be k(4). What is the greatest common factor of w and 18?
9
Suppose -5 = j, 3*w + 24*j - 27*j - 33363 = 0. What is the highest common factor of 84 and w?
28
Suppose 74492 + 12208 = 85*h. What is the highest common divisor of h and 6?
6
Let w(f) = -f**3 + 46*f**2 + 2*f - 89. Let q be w(46). Let k be q/15 - (-2)/(-5)*-237. Calculate the greatest common factor of 57 and k.
19
Let m = 45 - 42. Suppose -m*d = -v - 35, -5*v + 57 - 172 = -3*d. Let b be -60*-4*(-6)/v. What is the greatest common divisor of 9 and b?
9
Let j = -8968 - -9070. Calculate the greatest common factor of j and 357.
51
Suppose -10 = 54*s - 56*s, 2*v - 3*s = 9099. Calculate the greatest common factor of v and 147.
147
Let o(u) = 2*u**3 + 6*u**2 - 13*u. Let n be o(-5). Let c be ((-126)/n)/((-1)/(-5)). Calculate the greatest common factor of c and 450.
18
Let k = 973 - 960. What is the highest common factor of k and 1664?
13
Suppose f - 2 = q, 2*f - 4 = 6. Suppose q*g - 14 = 22. Suppose -25 = -3*l - 3*p + 11, -2*l + g = -4*p. What is the highest common divisor of l and 2?
2
Let f = 1280 + 36. Let x = -603 + f. What is the greatest common factor of x and 31?
31
Let d(l) = -l**2 + 34*l - 263. Let h be d(17). Suppose -r = -2*r - k + 94, 100 = r + 3*k. Calculate the highest common factor of h and r.
13
Let q be 4/6 - (36920/(-39))/(-4). Let k = 245 + q. Calculate the greatest common divisor of 720 and k.
9
Let k(n) be the second derivative of -n**4/6 - 20*n**3/3 - 3*n**2/2 - 21*n - 2. Let v be k(-19). What is the highest common factor of 105 and v?
35
Let i(j) = 4*j**2 + 5*j - 2. Let x be i(-4). Let t = 218658 + -218196. Calculate the highest common factor of t and x.
42
Let m be (64/(-36))/(3/(-3348)). What is the greatest common factor of 640 and m?
64
Suppose -1492 = -m - 1017. What is the greatest common divisor of m and 19?
19
Let w be 2/(-2*(-2)/24). Let z(f) = 350*f + 10859. Let i be z(-31). What is the greatest common factor of i and w?
3
Suppose 43*n - 167205 = -77*n + 1167555. Calculate the highest common factor of n and 245.
49
Suppose i + 95 = 6*i. Let a = 306 - 192. Suppose -17*g + 19*g = a. Calculate the greatest common divisor of i and g.
19
Let u be (-15 - (-28 - -6)) + 889. What is the greatest common factor of 2560 and u?
128
Let k be (-16 - -7)*(-5926)/18 + 5/1. What is the highest common factor of k and 24?
8
Suppose -10 = 2*b, 0 + 121 = 4*y - b. Suppose y*d - 1338 = -178. What is the highest common factor of 90 and d?
10
Let p = 3100 - 3039. Calculate the greatest common factor of 122 and p.
61
Suppose 5*i - 633 - 707 = 0. Let s be (2 - (-7)/(35/(-20))) + i. What is the greatest common factor of 28 and s?
14
Let g = -429 + 425. Let b be (-12 + (-876)/(-9))*(-6)/g. Suppose -113 = -5*j - 33. What is the greatest common factor of b and j?
16
Let q(n) = -3*n - 60 + 4*n + 116 - 68. Let v(a) = 3*a - 8. Let d be v(8). Let h be q(d). What is the highest common factor of h and 1?
1
Let j be (-124)/(-2046) - (-1648)/33. What is the highest common factor of j and 175?
25
Suppose -806 = -4*u - 2*i, 6*u - 2*i = u + 994. Calculate the highest common divisor of 125 and u.
25
Let f(g) = 19*g + 86 - 2*g**3 - 27 + 747*g**2 - 759*g**2. Let b be f(-9). What is the greatest common divisor of 34 and b?
34
Let u(m) = 2*m**3 - 13*m**2 + 19*m - 21. Let a be u(9). Let z be -6 + a/(7 + -2). What is the greatest common factor of z and 15?
15
Suppose 14 = 16*o - 18. Let z be ((-16)/(-6))/o + 48440/120. What is the greatest common factor of z and 45?
45
Suppose 24 = 16*f - 72. Suppose f*g = 3665 - 641. Calculate the greatest common divisor of g and 18.
18
Let y be (448/(-144))/(4/(-36)). Suppose -3*d - 3*i = 18, -4*d - 4 + 0 = -i. Let u be d/(-6) - (-418)/6. Calculate the greatest common divisor of y and u.
14
Let n = 16477 + -5069. Calculate the highest common divisor of n and 69.
23
Let k be 37 + 2/((-14)/(-49)). Suppose k*z - 4648 = 544. Calculate the greatest common factor of 295 and z.
59
Suppose 3*q = -0*a + a + 216, -2*q + 130 = 4*a. Suppose -148*b + 54*b + 6790 = -191*b. Let m = b + q. Calculate the highest common factor of m and 11.
1
Let r = 137 + 344. Suppose -r*j = -486*j + 315. Calculate the greatest common divisor of 45 and j.
9
Let u be 6*-5*(-1)/10 - 8. Let r(y) = 7*y**2 - 10*y - 77. Let p be r(u). What is the highest common divisor of 4 and p?
4
Suppose 2*l = 7*l - 50. Suppose -q = -l*q + 162. Let w = q + -11. Calculate the highest common divisor of w and 21.
7
Suppose 50*t - 13862 = 18438. Let u = 716 - t. What is the highest common factor of u and 35?
35
Let s = -3 + 4. Let b = 120 + -117. Suppose 5*z - 30 = -b*x - 11, 4*z - 16 = -2*x. Calculate the greatest common factor of s and z.
1
Suppose -2*b - 4 = -38. Suppose -b*a - 1260 = -24*a. What is the greatest common factor of 15 and a?
15
Suppose 0 = z + 22 + 5. Let l be (-8 - z) + (-6)/2. Suppose 22 - 134 = -2*n. Calculate the greatest common factor of n and l.
8
Let b(p) = 7*p**2 + 25*p + 4. Let i = -100 - -105. Let h be b(i). What is the greatest common divisor of h and 16?
16
Let t = 3 + 18. Suppose 28 = 3*u + u, -12*y - 4*u = -1792. Calculate the highest common factor of t and y.
21
Let y be (-4760)/30*(-2 - 1/4). What is the highest common divisor of 33 and y?
3
Let p = -37787 - -59623. Calculate the highest common factor of 424 and p.
212
Let q = 2651 + -2090. Calculate the greatest common factor of q